{"id":18,"date":"2015-12-15T02:16:47","date_gmt":"2015-12-15T01:16:47","guid":{"rendered":"http:\/\/dsdagency.fr\/site\/?page_id=18"},"modified":"2016-09-14T16:48:08","modified_gmt":"2016-09-14T16:48:08","slug":"referencement","status":"publish","type":"page","link":"https:\/\/dsdagency.fr\/site\/referencement\/","title":{"rendered":"R\u00e9f\u00e9rencement"},"content":{"rendered":"<h2><b>R\u00e9f\u00e9rencement Adwords<\/b><\/h2>\n<p style=\"text-align: justify\">Vous avez un site internet et vous souhaitez le promouvoir ?<br \/>\nAdwords est l\u2019outil qu\u2019il vous faut.<br \/>\nGr\u00e2ce \u00e0 adwords, il va \u00eatre possible de cr\u00e9er des annonces et d\u2019acheter des mots cl\u00e9, en fonction du mot cl\u00e9 tap\u00e9 dans la barre de recherche, une annonce s\u2019affichera comme le montre la photo ci-dessous<\/p>\n<p><img src=\"\/site\/_dsd_static\/adwords.png\" style=\"width: 100%\" alt=\"Adwords\"\/><\/p>\n<p style=\"text-align: justify\"><b>Cela va permettre<\/b> contrairement \u00e0 une m\u00e9thode classique de porte \u00e0 porte ou bien de flyer d\u00e9pos\u00e9 dans les boites aux lettres <b>d\u2019atteindre un taux de r\u00e9ussite tr\u00e8s \u00e9lev\u00e9<\/b> car vous n\u2019irez pas chercher les gens pour potentiellement leur vendre vos produits, ce seront <b>uniquement des gens int\u00e9resser par un type de produits que vous vendez et qui le recherche et qui en ont besoin<\/b>.<br \/>\n<b>Adwords permet<\/b> donc non pas de cibler des gens au hasard en esp\u00e9rant que votre produit les int\u00e9resse mais de <b>faire venir \u00e0 vous des gens<\/b> qui recherchent ce genre de produits.<br \/>\nDe plus, tous nos <b>sites sont optimiser devis<\/b>, c\u2019est-\u00e0-dire que l\u2019annonce adwords et la conception du site est penser pour qu\u2019une fois arriver sur votre site, les personnes vous fassent une demande de devis.<\/p>\n<p><img src=\"\/site\/_dsd_static\/devis.png\" style=\"width: 100%\" alt=\"Adwords\"\/><\/p>\n<p style=\"text-align: justify\">Sans oublier que <b>adwords est coupl\u00e9 \u00e0 analytics<\/b>, qui permet d\u2019avoir des <b>donn\u00e9es d\u00e9mographiques et g\u00e9ographique tr\u00e8s pouss\u00e9es<\/b> tel que la tranche d\u2019\u00e2ge la plus pr\u00e9sente sur votre site, est-ce que ce sont majoritairement des femmes ou des hommes qui viennent sur votre site, etc.<br \/>\nCela va permettre de pouvoir <b>mieux cibler les annonces<\/b> afin de les rendre <b>plus pertinentes<\/b> et de <b>r\u00e9pondre au mieux \u00e0 la client\u00e8le<\/b> que vous souhaitez cibler.<br \/>\nPour finir, il existe aussi le r\u00e9f\u00e9rencement naturelle, qui, gr\u00e2ce aux plug in disponible sur wordpress permet de cr\u00e9er une annonce de type adwords mais qui n\u2019aura pas du tout la m\u00eame visibilit\u00e9, ni ne permettra de rendre vos annonces la plus pertinente possible car vous ne b\u00e9n\u00e9ficierais ni des outils d\u2019adwords, ni des outils d\u2019analytics.<br \/>\nC\u2019est justement l\u00e0 que les limites du r\u00e9f\u00e9rencement naturelle intervienne, il est beaucoup plus difficile \u00e0 mettre en place et est donc plus co\u00fbteux sans compter qu\u2019il ne permet pas de b\u00e9n\u00e9ficier de l\u2019impact des annonces d\u2019adwords ni du retour que permet analytics.<br \/>\nAdwords est donc l\u2019outil id\u00e9al pour promouvoir votre site et attirer une nouvelle client\u00e8le.<\/p>\n<p style=\"text-align: justify\">Pour retrouver nos r\u00e9alisations, veuillez cliquer <a href=\"http:\/\/dsdagency.fr\/site\/nos-realisations\/\">ici<\/a>.<\/br><br \/>\nQuant au co\u00fbt, <b>adwords est un budget mensuel<\/b> et il ne s\u2019agit pas <b>d\u2019une d\u00e9pense mais d\u2019un investissement<\/b> qui va vous <b>permettre d\u2019avoir des retomb\u00e9s<\/b> par le biais de devis que vous aurez en retour.<br \/>\nDe plus, il n\u2019y a pas de bon ou mauvais budget, <b>ni de budget minimum<\/b>, <\/b>le budget doit \u00eatre adapt\u00e9 en fonction de vos attentes<\/b>, en fonction du nombre de produits et donc d\u2019annonces que vous souhaitez proposer mais aussi de la zone g\u00e9ographique que vos annonces couvriront.<\/br><br \/>\nLe suivi \u00e9tant important pour une campagne adwords, <b>nous vous accompagnerons pendant la gestion de la campagne en vous fournissant des rapports hebdomadaires<\/b> et en restant \u00e0 votre \u00e9coute pour r\u00e9pondre \u00e0 vos questions et d\u00e9velopper votre campagne adwords au fur et \u00e0 mesure.<\/p>\n","protected":false},"excerpt":{"rendered":"<p>R\u00e9f\u00e9rencement Adwords Vous avez un site internet et vous souhaitez le promouvoir ? Adwords est l\u2019outil qu\u2019il vous faut. Gr\u00e2ce \u00e0 adwords, il va \u00eatre possible de cr\u00e9er des annonces et d\u2019acheter des mots cl\u00e9, en fonction du mot cl\u00e9 tap\u00e9 dans la barre de recherche, une annonce s\u2019affichera comme le montre la photo ci-dessous [&hellip;]<\/p>\n","protected":false},"author":1,"featured_media":0,"parent":0,"menu_order":0,"comment_status":"closed","ping_status":"closed","template":"","meta":[],"yoast_head":"<!-- This site is optimized with the Yoast SEO plugin v18.3 - https:\/\/yoast.com\/wordpress\/plugins\/seo\/ -->\n<title>DSD Agency, l&#039;agence web \u00e0 votre service - R\u00e9f\u00e9rencement Adwords<\/title>\n<meta name=\"description\" content=\"Bienvenue sur DSD Agency, l&#039;agence web \u00e0 votre service. Nous vous proposons des campagnes de r\u00e9f\u00e9rencement de type adwords avec un suivi hebdomadaire.\" \/>\n<meta name=\"robots\" content=\"index, follow, max-snippet:-1, max-image-preview:large, max-video-preview:-1\" \/>\n<link rel=\"canonical\" href=\"https:\/\/dsdagency.fr\/site\/referencement\/\" \/>\n<meta property=\"og:locale\" content=\"fr_FR\" \/>\n<meta property=\"og:type\" content=\"article\" \/>\n<meta property=\"og:title\" content=\"DSD Agency, l&#039;agence web \u00e0 votre service - R\u00e9f\u00e9rencement Adwords\" \/>\n<meta property=\"og:description\" content=\"Bienvenue sur DSD Agency, l&#039;agence web \u00e0 votre service. Nous vous proposons des campagnes de r\u00e9f\u00e9rencement de type adwords avec un suivi hebdomadaire.\" \/>\n<meta property=\"og:url\" content=\"https:\/\/dsdagency.fr\/site\/referencement\/\" \/>\n<meta property=\"og:site_name\" content=\"DSD Agency\" \/>\n<meta property=\"article:modified_time\" content=\"2016-09-14T16:48:08+00:00\" \/>\n<meta property=\"og:image\" content=\"https:\/\/dsdagency.fr\/site\/_dsd_static\/adwords.png\" \/>\n<meta name=\"twitter:card\" content=\"summary\" \/>\n<meta name=\"twitter:label1\" content=\"Dur\u00e9e de lecture estim\u00e9e\" \/>\n\t<meta name=\"twitter:data1\" content=\"3 minutes\" \/>\n<script type=\"application\/ld+json\" class=\"yoast-schema-graph\">{\"@context\":\"https:\/\/schema.org\",\"@graph\":[{\"@type\":\"WebSite\",\"@id\":\"https:\/\/dsdagency.fr\/site\/#website\",\"url\":\"https:\/\/dsdagency.fr\/site\/\",\"name\":\"DSD Agency\",\"description\":\"Votre Agence Web et R\u00e9f\u00e9rencement\",\"potentialAction\":[{\"@type\":\"SearchAction\",\"target\":{\"@type\":\"EntryPoint\",\"urlTemplate\":\"https:\/\/dsdagency.fr\/site\/?s={search_term_string}\"},\"query-input\":\"required name=search_term_string\"}],\"inLanguage\":\"fr-FR\"},{\"@type\":\"ImageObject\",\"@id\":\"https:\/\/dsdagency.fr\/site\/referencement\/#primaryimage\",\"inLanguage\":\"fr-FR\",\"url\":\"\/site\/_dsd_static\/adwords.png\",\"contentUrl\":\"\/site\/_dsd_static\/adwords.png\"},{\"@type\":\"WebPage\",\"@id\":\"https:\/\/dsdagency.fr\/site\/referencement\/#webpage\",\"url\":\"https:\/\/dsdagency.fr\/site\/referencement\/\",\"name\":\"DSD Agency, l'agence web \u00e0 votre service - R\u00e9f\u00e9rencement Adwords\",\"isPartOf\":{\"@id\":\"https:\/\/dsdagency.fr\/site\/#website\"},\"primaryImageOfPage\":{\"@id\":\"https:\/\/dsdagency.fr\/site\/referencement\/#primaryimage\"},\"datePublished\":\"2015-12-15T01:16:47+00:00\",\"dateModified\":\"2016-09-14T16:48:08+00:00\",\"description\":\"Bienvenue sur DSD Agency, l'agence web \u00e0 votre service. Nous vous proposons des campagnes de r\u00e9f\u00e9rencement de type adwords avec un suivi hebdomadaire.\",\"breadcrumb\":{\"@id\":\"https:\/\/dsdagency.fr\/site\/referencement\/#breadcrumb\"},\"inLanguage\":\"fr-FR\",\"potentialAction\":[{\"@type\":\"ReadAction\",\"target\":[\"https:\/\/dsdagency.fr\/site\/referencement\/\"]}]},{\"@type\":\"BreadcrumbList\",\"@id\":\"https:\/\/dsdagency.fr\/site\/referencement\/#breadcrumb\",\"itemListElement\":[{\"@type\":\"ListItem\",\"position\":1,\"name\":\"Accueil\",\"item\":\"https:\/\/dsdagency.fr\/site\/\"},{\"@type\":\"ListItem\",\"position\":2,\"name\":\"R\u00e9f\u00e9rencement\"}]}]}<\/script>\n<!-- \/ Yoast SEO plugin. -->","yoast_head_json":{"title":"DSD Agency, l'agence web \u00e0 votre service - R\u00e9f\u00e9rencement Adwords","description":"Bienvenue sur DSD Agency, l'agence web \u00e0 votre service. Nous vous proposons des campagnes de r\u00e9f\u00e9rencement de type adwords avec un suivi hebdomadaire.","robots":{"index":"index","follow":"follow","max-snippet":"max-snippet:-1","max-image-preview":"max-image-preview:large","max-video-preview":"max-video-preview:-1"},"canonical":"https:\/\/dsdagency.fr\/site\/referencement\/","og_locale":"fr_FR","og_type":"article","og_title":"DSD Agency, l'agence web \u00e0 votre service - R\u00e9f\u00e9rencement Adwords","og_description":"Bienvenue sur DSD Agency, l'agence web \u00e0 votre service. Nous vous proposons des campagnes de r\u00e9f\u00e9rencement de type adwords avec un suivi hebdomadaire.","og_url":"https:\/\/dsdagency.fr\/site\/referencement\/","og_site_name":"DSD Agency","article_modified_time":"2016-09-14T16:48:08+00:00","og_image":[{"url":"https:\/\/dsdagency.fr\/site\/_dsd_static\/adwords.png"}],"twitter_card":"summary","twitter_misc":{"Dur\u00e9e de lecture estim\u00e9e":"3 minutes"},"schema":{"@context":"https:\/\/schema.org","@graph":[{"@type":"WebSite","@id":"https:\/\/dsdagency.fr\/site\/#website","url":"https:\/\/dsdagency.fr\/site\/","name":"DSD Agency","description":"Votre Agence Web et R\u00e9f\u00e9rencement","potentialAction":[{"@type":"SearchAction","target":{"@type":"EntryPoint","urlTemplate":"https:\/\/dsdagency.fr\/site\/?s={search_term_string}"},"query-input":"required name=search_term_string"}],"inLanguage":"fr-FR"},{"@type":"ImageObject","@id":"https:\/\/dsdagency.fr\/site\/referencement\/#primaryimage","inLanguage":"fr-FR","url":"\/site\/_dsd_static\/adwords.png","contentUrl":"\/site\/_dsd_static\/adwords.png"},{"@type":"WebPage","@id":"https:\/\/dsdagency.fr\/site\/referencement\/#webpage","url":"https:\/\/dsdagency.fr\/site\/referencement\/","name":"DSD Agency, l'agence web \u00e0 votre service - R\u00e9f\u00e9rencement Adwords","isPartOf":{"@id":"https:\/\/dsdagency.fr\/site\/#website"},"primaryImageOfPage":{"@id":"https:\/\/dsdagency.fr\/site\/referencement\/#primaryimage"},"datePublished":"2015-12-15T01:16:47+00:00","dateModified":"2016-09-14T16:48:08+00:00","description":"Bienvenue sur DSD Agency, l'agence web \u00e0 votre service. Nous vous proposons des campagnes de r\u00e9f\u00e9rencement de type adwords avec un suivi hebdomadaire.","breadcrumb":{"@id":"https:\/\/dsdagency.fr\/site\/referencement\/#breadcrumb"},"inLanguage":"fr-FR","potentialAction":[{"@type":"ReadAction","target":["https:\/\/dsdagency.fr\/site\/referencement\/"]}]},{"@type":"BreadcrumbList","@id":"https:\/\/dsdagency.fr\/site\/referencement\/#breadcrumb","itemListElement":[{"@type":"ListItem","position":1,"name":"Accueil","item":"https:\/\/dsdagency.fr\/site\/"},{"@type":"ListItem","position":2,"name":"R\u00e9f\u00e9rencement"}]}]}},"_links":{"self":[{"href":"https:\/\/dsdagency.fr\/site\/wp-json\/wp\/v2\/pages\/18"}],"collection":[{"href":"https:\/\/dsdagency.fr\/site\/wp-json\/wp\/v2\/pages"}],"about":[{"href":"https:\/\/dsdagency.fr\/site\/wp-json\/wp\/v2\/types\/page"}],"author":[{"embeddable":true,"href":"https:\/\/dsdagency.fr\/site\/wp-json\/wp\/v2\/users\/1"}],"replies":[{"embeddable":true,"href":"https:\/\/dsdagency.fr\/site\/wp-json\/wp\/v2\/comments?post=18"}],"version-history":[{"count":11,"href":"https:\/\/dsdagency.fr\/site\/wp-json\/wp\/v2\/pages\/18\/revisions"}],"predecessor-version":[{"id":138,"href":"https:\/\/dsdagency.fr\/site\/wp-json\/wp\/v2\/pages\/18\/revisions\/138"}],"wp:attachment":[{"href":"https:\/\/dsdagency.fr\/site\/wp-json\/wp\/v2\/media?parent=18"}],"curies":[{"name":"wp","href":"https:\/\/api.w.org\/{rel}","templated":true}]}}