{"id":54,"date":"2016-02-13T21:39:59","date_gmt":"2016-02-13T21:39:59","guid":{"rendered":"http:\/\/dsdagency.fr\/site\/?page_id=54"},"modified":"2016-09-20T00:15:49","modified_gmt":"2016-09-20T00:15:49","slug":"creation-de-sites-e-commerce","status":"publish","type":"page","link":"https:\/\/dsdagency.fr\/site\/creation-de-sites-e-commerce\/","title":{"rendered":"Cr\u00e9ation de sites e-commerce prestashop"},"content":{"rendered":"<h2><b>Cr\u00e9ation de site e-commerce prestashop<\/b><\/h2>\n<p style=\"text-align: justify\">Vous avez une boutique et souhaitez toucher plus de monde par le biais d\u2019une boutique e-commerce ou bien vous souhaitez lancer une boutique e-commerce ?<\/br><br \/>\n<b>Prestashop<\/b> va vous permettre de d\u00e9velopper votre solution e-commerce et de la personnaliser \u00e0 votre guise, il s\u2019agit du m\u00eame syst\u00e8me que wordpress mais <b>tourn\u00e9 vers le e-commerce<\/b> mais qui n\u00e9cessite beaucoup plus de comp\u00e9tences pour \u00eatre d\u00e9velopper.<\/p>\n<p style=\"text-align: justify\">De part son aspect tout en un et de sa personnalisation pouss\u00e9e, prestashop va permettre de cr\u00e9er une solution e-commerce correspondant totalement \u00e0 vos besoins et \u00e0 vos attentes, de plus, <b>les solutions prestashop<\/b> sont non seulement <b>coupl\u00e9s<\/b> \u00e0 une <b>campagne adwords<\/b> qui permet de ramener des clients sur votre boutique <b>mais aussi<\/b> \u00e0 une <b>campagne active de community management<\/b> qui va permettre une r\u00e9tention de clients ainsi que de susciter de l\u2019int\u00e9r\u00eat aupr\u00e8s de vos clients ou futur clients.<\/br><br \/>\nDe plus, les solutions e-commerce n\u00e9cessitant beaucoup d\u2019attention, <b>nous vous accompagnerons non seulement durant le d\u00e9veloppement<\/b> de la plateforme mais aussi <b>\u00e0 la fin de celle-ci<\/b> au travers des campagnes adwords et community management <b>mais aussi en restant totalement \u00e0 votre disposition et \u00e0 votre \u00e9coute<\/b> si vous avez la moindre question ou bien si vous envisagez un changement de votre solution e-commerce.<\/p>\n<p style=\"text-align: justify\">Pour retrouver nos r\u00e9alisations veuillez cliquer <a href=\"https:\/\/dsdagency.fr\/site\/nos-realisations\/\">ici<\/a><\/p>\n","protected":false},"excerpt":{"rendered":"<p>Cr\u00e9ation de site e-commerce prestashop Vous avez une boutique et souhaitez toucher plus de monde par le biais d\u2019une boutique e-commerce ou bien vous souhaitez lancer une boutique e-commerce ? Prestashop va vous permettre de d\u00e9velopper votre solution e-commerce et de la personnaliser \u00e0 votre guise, il s\u2019agit du m\u00eame syst\u00e8me que wordpress mais tourn\u00e9 [&hellip;]<\/p>\n","protected":false},"author":1,"featured_media":0,"parent":0,"menu_order":0,"comment_status":"closed","ping_status":"closed","template":"","meta":{"footnotes":""},"class_list":["post-54","page","type-page","status-publish","hentry"],"yoast_head":"<!-- This site is optimized with the Yoast SEO plugin v27.5 - https:\/\/yoast.com\/product\/yoast-seo-wordpress\/ -->\n<title>Cr\u00e9ation de site e-commerce - DSD Agency, l&#039;agence web \u00e0 votre service<\/title>\n<meta name=\"description\" content=\"DSD agency, l&#039;agence web \u00e0 votre service, vous accompagne pendant la cr\u00e9ation de votre site e-commerce. Demande de devis gratuite.\" \/>\n<meta name=\"robots\" content=\"index, follow, max-snippet:-1, max-image-preview:large, max-video-preview:-1\" \/>\n<link rel=\"canonical\" href=\"https:\/\/dsdagency.fr\/site\/creation-de-sites-e-commerce\/\" \/>\n<meta property=\"og:locale\" content=\"fr_FR\" \/>\n<meta property=\"og:type\" content=\"article\" \/>\n<meta property=\"og:title\" content=\"Cr\u00e9ation de site e-commerce - DSD Agency, l&#039;agence web \u00e0 votre service\" \/>\n<meta property=\"og:description\" content=\"DSD agency, l&#039;agence web \u00e0 votre service, vous accompagne pendant la cr\u00e9ation de votre site e-commerce. Demande de devis gratuite.\" \/>\n<meta property=\"og:url\" content=\"https:\/\/dsdagency.fr\/site\/creation-de-sites-e-commerce\/\" \/>\n<meta property=\"og:site_name\" content=\"DSD Agency\" \/>\n<meta property=\"article:modified_time\" content=\"2016-09-20T00:15:49+00:00\" \/>\n<meta name=\"twitter:card\" content=\"summary_large_image\" \/>\n<meta name=\"twitter:label1\" content=\"Dur\u00e9e de lecture estim\u00e9e\" \/>\n\t<meta name=\"twitter:data1\" content=\"1 minute\" \/>\n<script type=\"application\/ld+json\" class=\"yoast-schema-graph\">{\"@context\":\"https:\\\/\\\/schema.org\",\"@graph\":[{\"@type\":\"WebPage\",\"@id\":\"https:\\\/\\\/dsdagency.fr\\\/site\\\/creation-de-sites-e-commerce\\\/\",\"url\":\"https:\\\/\\\/dsdagency.fr\\\/site\\\/creation-de-sites-e-commerce\\\/\",\"name\":\"Cr\u00e9ation de site e-commerce - DSD Agency, l'agence web \u00e0 votre service\",\"isPartOf\":{\"@id\":\"https:\\\/\\\/dsdagency.fr\\\/site\\\/#website\"},\"datePublished\":\"2016-02-13T21:39:59+00:00\",\"dateModified\":\"2016-09-20T00:15:49+00:00\",\"description\":\"DSD agency, l'agence web \u00e0 votre service, vous accompagne pendant la cr\u00e9ation de votre site e-commerce. Demande de devis gratuite.\",\"breadcrumb\":{\"@id\":\"https:\\\/\\\/dsdagency.fr\\\/site\\\/creation-de-sites-e-commerce\\\/#breadcrumb\"},\"inLanguage\":\"fr-FR\",\"potentialAction\":[{\"@type\":\"ReadAction\",\"target\":[\"https:\\\/\\\/dsdagency.fr\\\/site\\\/creation-de-sites-e-commerce\\\/\"]}]},{\"@type\":\"BreadcrumbList\",\"@id\":\"https:\\\/\\\/dsdagency.fr\\\/site\\\/creation-de-sites-e-commerce\\\/#breadcrumb\",\"itemListElement\":[{\"@type\":\"ListItem\",\"position\":1,\"name\":\"Accueil\",\"item\":\"https:\\\/\\\/dsdagency.fr\\\/site\\\/\"},{\"@type\":\"ListItem\",\"position\":2,\"name\":\"Cr\u00e9ation de sites e-commerce prestashop\"}]},{\"@type\":\"WebSite\",\"@id\":\"https:\\\/\\\/dsdagency.fr\\\/site\\\/#website\",\"url\":\"https:\\\/\\\/dsdagency.fr\\\/site\\\/\",\"name\":\"DSD Agency\",\"description\":\"Votre Agence Web et R\u00e9f\u00e9rencement\",\"potentialAction\":[{\"@type\":\"SearchAction\",\"target\":{\"@type\":\"EntryPoint\",\"urlTemplate\":\"https:\\\/\\\/dsdagency.fr\\\/site\\\/?s={search_term_string}\"},\"query-input\":{\"@type\":\"PropertyValueSpecification\",\"valueRequired\":true,\"valueName\":\"search_term_string\"}}],\"inLanguage\":\"fr-FR\"}]}<\/script>\n<!-- \/ Yoast SEO plugin. -->","yoast_head_json":{"title":"Cr\u00e9ation de site e-commerce - DSD Agency, l'agence web \u00e0 votre service","description":"DSD agency, l'agence web \u00e0 votre service, vous accompagne pendant la cr\u00e9ation de votre site e-commerce. Demande de devis gratuite.","robots":{"index":"index","follow":"follow","max-snippet":"max-snippet:-1","max-image-preview":"max-image-preview:large","max-video-preview":"max-video-preview:-1"},"canonical":"https:\/\/dsdagency.fr\/site\/creation-de-sites-e-commerce\/","og_locale":"fr_FR","og_type":"article","og_title":"Cr\u00e9ation de site e-commerce - DSD Agency, l'agence web \u00e0 votre service","og_description":"DSD agency, l'agence web \u00e0 votre service, vous accompagne pendant la cr\u00e9ation de votre site e-commerce. Demande de devis gratuite.","og_url":"https:\/\/dsdagency.fr\/site\/creation-de-sites-e-commerce\/","og_site_name":"DSD Agency","article_modified_time":"2016-09-20T00:15:49+00:00","twitter_card":"summary_large_image","twitter_misc":{"Dur\u00e9e de lecture estim\u00e9e":"1 minute"},"schema":{"@context":"https:\/\/schema.org","@graph":[{"@type":"WebPage","@id":"https:\/\/dsdagency.fr\/site\/creation-de-sites-e-commerce\/","url":"https:\/\/dsdagency.fr\/site\/creation-de-sites-e-commerce\/","name":"Cr\u00e9ation de site e-commerce - DSD Agency, l'agence web \u00e0 votre service","isPartOf":{"@id":"https:\/\/dsdagency.fr\/site\/#website"},"datePublished":"2016-02-13T21:39:59+00:00","dateModified":"2016-09-20T00:15:49+00:00","description":"DSD agency, l'agence web \u00e0 votre service, vous accompagne pendant la cr\u00e9ation de votre site e-commerce. Demande de devis gratuite.","breadcrumb":{"@id":"https:\/\/dsdagency.fr\/site\/creation-de-sites-e-commerce\/#breadcrumb"},"inLanguage":"fr-FR","potentialAction":[{"@type":"ReadAction","target":["https:\/\/dsdagency.fr\/site\/creation-de-sites-e-commerce\/"]}]},{"@type":"BreadcrumbList","@id":"https:\/\/dsdagency.fr\/site\/creation-de-sites-e-commerce\/#breadcrumb","itemListElement":[{"@type":"ListItem","position":1,"name":"Accueil","item":"https:\/\/dsdagency.fr\/site\/"},{"@type":"ListItem","position":2,"name":"Cr\u00e9ation de sites e-commerce prestashop"}]},{"@type":"WebSite","@id":"https:\/\/dsdagency.fr\/site\/#website","url":"https:\/\/dsdagency.fr\/site\/","name":"DSD Agency","description":"Votre Agence Web et R\u00e9f\u00e9rencement","potentialAction":[{"@type":"SearchAction","target":{"@type":"EntryPoint","urlTemplate":"https:\/\/dsdagency.fr\/site\/?s={search_term_string}"},"query-input":{"@type":"PropertyValueSpecification","valueRequired":true,"valueName":"search_term_string"}}],"inLanguage":"fr-FR"}]}},"_links":{"self":[{"href":"https:\/\/dsdagency.fr\/site\/wp-json\/wp\/v2\/pages\/54","targetHints":{"allow":["GET"]}}],"collection":[{"href":"https:\/\/dsdagency.fr\/site\/wp-json\/wp\/v2\/pages"}],"about":[{"href":"https:\/\/dsdagency.fr\/site\/wp-json\/wp\/v2\/types\/page"}],"author":[{"embeddable":true,"href":"https:\/\/dsdagency.fr\/site\/wp-json\/wp\/v2\/users\/1"}],"replies":[{"embeddable":true,"href":"https:\/\/dsdagency.fr\/site\/wp-json\/wp\/v2\/comments?post=54"}],"version-history":[{"count":7,"href":"https:\/\/dsdagency.fr\/site\/wp-json\/wp\/v2\/pages\/54\/revisions"}],"predecessor-version":[{"id":184,"href":"https:\/\/dsdagency.fr\/site\/wp-json\/wp\/v2\/pages\/54\/revisions\/184"}],"wp:attachment":[{"href":"https:\/\/dsdagency.fr\/site\/wp-json\/wp\/v2\/media?parent=54"}],"curies":[{"name":"wp","href":"https:\/\/api.w.org\/{rel}","templated":true}]}}