{"id":56,"date":"2016-02-13T21:41:08","date_gmt":"2016-02-13T21:41:08","guid":{"rendered":"http:\/\/dsdagency.fr\/site\/?page_id=56"},"modified":"2016-09-15T12:32:56","modified_gmt":"2016-09-15T12:32:56","slug":"creations-de-sites-sur-mesure","status":"publish","type":"page","link":"https:\/\/dsdagency.fr\/site\/creations-de-sites-sur-mesure\/","title":{"rendered":"Cr\u00e9ations de sites sur-mesure"},"content":{"rendered":"<h2><b>Cr\u00e9ation de site sur-mesure<\/b><\/h2>\n<p style=\"text-align: justify\">Pour certains d\u2019entre vous, votre projet ne sera ni adapter \u00e0 un site bas\u00e9 sous wordpress ni bas\u00e9 sous prestashop, comment faire dans ce cas-l\u00e0 ?<br \/>\nIl va falloir proc\u00e9der \u00e0 la cr\u00e9ation d\u2019un site sur-mesure, qui, par sa nature, pourra totalement r\u00e9pondre \u00e0 vos besoins et vos attentes.<br \/>\nBien \u00e9videmment, un site sur mesure est plus co\u00fbteux car d\u00e9velopper sp\u00e9cifiquement selon le projet auquel il va devoir r\u00e9pondre.<\/p>\n<p style=\"text-align: justify\">Toutefois, <b>le fait qu\u2019il soit plus co\u00fbteux, ne veut pas dire que la somme sera forc\u00e9ment tr\u00e8s \u00e9lever<\/b>, vous pouvez donc tout \u00e0 fait envisager un projet de site sur mesure et nous verrons par la suite si votre projet n\u00e9cessite ou non un d\u00e9veloppement sur mesure.<br \/>\nDe plus, les sites sur mesure n\u00e9cessitant un temps de d\u00e9veloppement plus long et une attention toute particuli\u00e8re, <b>nous vous accompagnerons pendant toute la dur\u00e9e du d\u00e9veloppement de votre site ainsi qu\u2019apr\u00e8s, pendant la campagne adwords et\/ou la campagne de community mangement<\/b>.<\/p>\n<p style=\"text-align: justify\">Pour retrouver nos r\u00e9alisations veuillez cliquer <a href=\"https:\/\/dsdagency.fr\/site\/nos-realisations\/\">ici<\/a><\/p>\n","protected":false},"excerpt":{"rendered":"<p>Cr\u00e9ation de site sur-mesure Pour certains d\u2019entre vous, votre projet ne sera ni adapter \u00e0 un site bas\u00e9 sous wordpress ni bas\u00e9 sous prestashop, comment faire dans ce cas-l\u00e0 ? Il va falloir proc\u00e9der \u00e0 la cr\u00e9ation d\u2019un site sur-mesure, qui, par sa nature, pourra totalement r\u00e9pondre \u00e0 vos besoins et vos attentes. Bien \u00e9videmment, [&hellip;]<\/p>\n","protected":false},"author":1,"featured_media":0,"parent":0,"menu_order":0,"comment_status":"closed","ping_status":"closed","template":"","meta":{"footnotes":""},"class_list":["post-56","page","type-page","status-publish","hentry"],"yoast_head":"<!-- This site is optimized with the Yoast SEO plugin v27.5 - https:\/\/yoast.com\/product\/yoast-seo-wordpress\/ -->\n<title>DSD Agency, l&#039;agence web \u00e0 votre service - Sites sur-mesure<\/title>\n<meta name=\"description\" content=\"Bienvenue sur DSD Agency, l&#039;agence web \u00e0 votre service. Vous avez un projet sp\u00e9cifique ? Nous pouvons le r\u00e9aliser. Demande de devis gratuite.\" \/>\n<meta name=\"robots\" content=\"index, follow, max-snippet:-1, max-image-preview:large, max-video-preview:-1\" \/>\n<link rel=\"canonical\" href=\"https:\/\/dsdagency.fr\/site\/creations-de-sites-sur-mesure\/\" \/>\n<meta property=\"og:locale\" content=\"fr_FR\" \/>\n<meta property=\"og:type\" content=\"article\" \/>\n<meta property=\"og:title\" content=\"DSD Agency, l&#039;agence web \u00e0 votre service - Sites sur-mesure\" \/>\n<meta property=\"og:description\" content=\"Bienvenue sur DSD Agency, l&#039;agence web \u00e0 votre service. Vous avez un projet sp\u00e9cifique ? Nous pouvons le r\u00e9aliser. Demande de devis gratuite.\" \/>\n<meta property=\"og:url\" content=\"https:\/\/dsdagency.fr\/site\/creations-de-sites-sur-mesure\/\" \/>\n<meta property=\"og:site_name\" content=\"DSD Agency\" \/>\n<meta property=\"article:modified_time\" content=\"2016-09-15T12:32:56+00:00\" \/>\n<meta name=\"twitter:card\" content=\"summary_large_image\" \/>\n<meta name=\"twitter:label1\" content=\"Dur\u00e9e de lecture estim\u00e9e\" \/>\n\t<meta name=\"twitter:data1\" content=\"1 minute\" \/>\n<script type=\"application\/ld+json\" class=\"yoast-schema-graph\">{\"@context\":\"https:\\\/\\\/schema.org\",\"@graph\":[{\"@type\":\"WebPage\",\"@id\":\"https:\\\/\\\/dsdagency.fr\\\/site\\\/creations-de-sites-sur-mesure\\\/\",\"url\":\"https:\\\/\\\/dsdagency.fr\\\/site\\\/creations-de-sites-sur-mesure\\\/\",\"name\":\"DSD Agency, l'agence web \u00e0 votre service - Sites sur-mesure\",\"isPartOf\":{\"@id\":\"https:\\\/\\\/dsdagency.fr\\\/site\\\/#website\"},\"datePublished\":\"2016-02-13T21:41:08+00:00\",\"dateModified\":\"2016-09-15T12:32:56+00:00\",\"description\":\"Bienvenue sur DSD Agency, l'agence web \u00e0 votre service. Vous avez un projet sp\u00e9cifique ? Nous pouvons le r\u00e9aliser. Demande de devis gratuite.\",\"breadcrumb\":{\"@id\":\"https:\\\/\\\/dsdagency.fr\\\/site\\\/creations-de-sites-sur-mesure\\\/#breadcrumb\"},\"inLanguage\":\"fr-FR\",\"potentialAction\":[{\"@type\":\"ReadAction\",\"target\":[\"https:\\\/\\\/dsdagency.fr\\\/site\\\/creations-de-sites-sur-mesure\\\/\"]}]},{\"@type\":\"BreadcrumbList\",\"@id\":\"https:\\\/\\\/dsdagency.fr\\\/site\\\/creations-de-sites-sur-mesure\\\/#breadcrumb\",\"itemListElement\":[{\"@type\":\"ListItem\",\"position\":1,\"name\":\"Accueil\",\"item\":\"https:\\\/\\\/dsdagency.fr\\\/site\\\/\"},{\"@type\":\"ListItem\",\"position\":2,\"name\":\"Cr\u00e9ations de sites sur-mesure\"}]},{\"@type\":\"WebSite\",\"@id\":\"https:\\\/\\\/dsdagency.fr\\\/site\\\/#website\",\"url\":\"https:\\\/\\\/dsdagency.fr\\\/site\\\/\",\"name\":\"DSD Agency\",\"description\":\"Votre Agence Web et R\u00e9f\u00e9rencement\",\"potentialAction\":[{\"@type\":\"SearchAction\",\"target\":{\"@type\":\"EntryPoint\",\"urlTemplate\":\"https:\\\/\\\/dsdagency.fr\\\/site\\\/?s={search_term_string}\"},\"query-input\":{\"@type\":\"PropertyValueSpecification\",\"valueRequired\":true,\"valueName\":\"search_term_string\"}}],\"inLanguage\":\"fr-FR\"}]}<\/script>\n<!-- \/ Yoast SEO plugin. -->","yoast_head_json":{"title":"DSD Agency, l'agence web \u00e0 votre service - Sites sur-mesure","description":"Bienvenue sur DSD Agency, l'agence web \u00e0 votre service. Vous avez un projet sp\u00e9cifique ? Nous pouvons le r\u00e9aliser. Demande de devis gratuite.","robots":{"index":"index","follow":"follow","max-snippet":"max-snippet:-1","max-image-preview":"max-image-preview:large","max-video-preview":"max-video-preview:-1"},"canonical":"https:\/\/dsdagency.fr\/site\/creations-de-sites-sur-mesure\/","og_locale":"fr_FR","og_type":"article","og_title":"DSD Agency, l'agence web \u00e0 votre service - Sites sur-mesure","og_description":"Bienvenue sur DSD Agency, l'agence web \u00e0 votre service. Vous avez un projet sp\u00e9cifique ? Nous pouvons le r\u00e9aliser. Demande de devis gratuite.","og_url":"https:\/\/dsdagency.fr\/site\/creations-de-sites-sur-mesure\/","og_site_name":"DSD Agency","article_modified_time":"2016-09-15T12:32:56+00:00","twitter_card":"summary_large_image","twitter_misc":{"Dur\u00e9e de lecture estim\u00e9e":"1 minute"},"schema":{"@context":"https:\/\/schema.org","@graph":[{"@type":"WebPage","@id":"https:\/\/dsdagency.fr\/site\/creations-de-sites-sur-mesure\/","url":"https:\/\/dsdagency.fr\/site\/creations-de-sites-sur-mesure\/","name":"DSD Agency, l'agence web \u00e0 votre service - Sites sur-mesure","isPartOf":{"@id":"https:\/\/dsdagency.fr\/site\/#website"},"datePublished":"2016-02-13T21:41:08+00:00","dateModified":"2016-09-15T12:32:56+00:00","description":"Bienvenue sur DSD Agency, l'agence web \u00e0 votre service. Vous avez un projet sp\u00e9cifique ? Nous pouvons le r\u00e9aliser. Demande de devis gratuite.","breadcrumb":{"@id":"https:\/\/dsdagency.fr\/site\/creations-de-sites-sur-mesure\/#breadcrumb"},"inLanguage":"fr-FR","potentialAction":[{"@type":"ReadAction","target":["https:\/\/dsdagency.fr\/site\/creations-de-sites-sur-mesure\/"]}]},{"@type":"BreadcrumbList","@id":"https:\/\/dsdagency.fr\/site\/creations-de-sites-sur-mesure\/#breadcrumb","itemListElement":[{"@type":"ListItem","position":1,"name":"Accueil","item":"https:\/\/dsdagency.fr\/site\/"},{"@type":"ListItem","position":2,"name":"Cr\u00e9ations de sites sur-mesure"}]},{"@type":"WebSite","@id":"https:\/\/dsdagency.fr\/site\/#website","url":"https:\/\/dsdagency.fr\/site\/","name":"DSD Agency","description":"Votre Agence Web et R\u00e9f\u00e9rencement","potentialAction":[{"@type":"SearchAction","target":{"@type":"EntryPoint","urlTemplate":"https:\/\/dsdagency.fr\/site\/?s={search_term_string}"},"query-input":{"@type":"PropertyValueSpecification","valueRequired":true,"valueName":"search_term_string"}}],"inLanguage":"fr-FR"}]}},"_links":{"self":[{"href":"https:\/\/dsdagency.fr\/site\/wp-json\/wp\/v2\/pages\/56","targetHints":{"allow":["GET"]}}],"collection":[{"href":"https:\/\/dsdagency.fr\/site\/wp-json\/wp\/v2\/pages"}],"about":[{"href":"https:\/\/dsdagency.fr\/site\/wp-json\/wp\/v2\/types\/page"}],"author":[{"embeddable":true,"href":"https:\/\/dsdagency.fr\/site\/wp-json\/wp\/v2\/users\/1"}],"replies":[{"embeddable":true,"href":"https:\/\/dsdagency.fr\/site\/wp-json\/wp\/v2\/comments?post=56"}],"version-history":[{"count":6,"href":"https:\/\/dsdagency.fr\/site\/wp-json\/wp\/v2\/pages\/56\/revisions"}],"predecessor-version":[{"id":162,"href":"https:\/\/dsdagency.fr\/site\/wp-json\/wp\/v2\/pages\/56\/revisions\/162"}],"wp:attachment":[{"href":"https:\/\/dsdagency.fr\/site\/wp-json\/wp\/v2\/media?parent=56"}],"curies":[{"name":"wp","href":"https:\/\/api.w.org\/{rel}","templated":true}]}}