{"id":65,"date":"2016-02-13T21:44:47","date_gmt":"2016-02-13T21:44:47","guid":{"rendered":"http:\/\/dsdagency.fr\/site\/?page_id=65"},"modified":"2016-09-14T17:26:50","modified_gmt":"2016-09-14T17:26:50","slug":"nos-tarifs","status":"publish","type":"page","link":"https:\/\/dsdagency.fr\/site\/nos-tarifs\/","title":{"rendered":"Nos tarifs"},"content":{"rendered":"<h2><b>Nos Tarifs<\/b><\/h2>\n<p style=\"text-align: justify\">Voici la liste de nos tarifs concernant les diverses prestations que nous proposons :<\/p>\n<ul>\n<li>Site responsif bas\u00e9 sous wordpress :\n<ul>\n<li><b>De 1 \u00e0 3 pages :  500\u20ac<\/b><\/li>\n<li><b>De 4 \u00e0 6 pages :  800\u20ac<\/b><\/li>\n<li><b>De 6 \u00e0 10 pages : 1 000\u20ac<\/b><\/li>\n<\/ul>\n<\/li>\n<li>Site e-commerce bas\u00e9 sur prestashop : <b>A partir de 1 500\u20ac<\/b><\/li>\n<li>Site sur mesure : <b>Nous contacter<\/b><\/li>\n<li>Communitye management : <b>A partir de 300\u20ac\/mois<\/b><\/li>\n<li>R\u00e9f\u00e9rencement : <b>Nous contacter<\/b><\/li>\n<\/ul>\n<p style=\"text-align: justify\">En ce qui concerne les <b>prestations dont les tarifs ne sont pas list\u00e9s<\/b>, il est n\u00e9cessaire de nous contacter non pas parce qu&rsquo;il s&rsquo;agit de prestations dont le co\u00fbt est \u00e9lev\u00e9 mais surtout parce qu&rsquo;il s&rsquo;agit de prestations dont le <b>d\u00e9veloppement est sp\u00e9cifique \u00e0 chaque client<\/b> et \u00e0 son secteur d&rsquo;activit\u00e9 mais aussi de ses besoins et de ses projets.<\/p>\n<p style=\"text-align: justify\">Nous proposons aussi 3 packs pour les clients souhaitant limiter leurs co\u00fbts, incluant un mini site adoss\u00e9 \u00e0 une campagne de r\u00e9f\u00e9rencement de type AdWords :<\/p>\n<ul>\n<li>Pack 1 : Mini Site de 2-3 pages + 1 mois de campagne AdWords d&rsquo;un montant de 200 \u20ac => <b>500\u20ac<\/b><\/li>\n<li>Pack 2 : Mini Site de 2-3 pages + 1 mois de campagne Adwords d&rsquo;un montant de 400 \u20ac => <b>800\u20ac<\/b><\/li>\n<li>Pack 3 : Mini Site de 2-3 pages + 1 mois de campagne AdWords d&rsquo;un montant de 600 \u20ac => <b>1 000\u20ac<\/b><\/li>\n<\/ul>\n<p>Ces packs contiennent tous un site dont le co\u00fbt est <b>inclus<\/b> dans le prix du pack, ce qui fait que vous n&rsquo;avez aucun co\u00fbt suppl\u00e9mentaire \u00e0 pr\u00e9voir quant au prix de votre site ni de la campagne AdWords.<\/p>\n<p style=\"text-align: justify\">Ces <b>packs<\/b> sont surtout destin\u00e9s aux entreprises n&rsquo;ayant pas encore de site mais souhaitant en r\u00e9aliser un et b\u00e9n\u00e9ficier par la m\u00eame occasion d&rsquo;une campagne d&rsquo;un mois d&rsquo;AdWords, le tout pour un <b>co\u00fbt tr\u00e8s r\u00e9duit<\/b> compar\u00e9 aux prix unique d&rsquo;un site.<\/p>\n<p style=\"text-align: justify\">Bien \u00e9videment, il s&rsquo;agit de mini-site, qui se concentreront sur un maximum de 2-3 produits que vous proposez, dans l&rsquo;optique de voir, gr\u00e2ce \u00e0 AdWords, ce que les <b>clients<\/b> recherchent afin de <b>mieux cerner leurs attentes<\/b> et d&rsquo;<b>optimiser<\/b> au mieux <b>votre campagne<\/b> pour un <b>rendement sup\u00e9rieur<\/b>, <b>sans surco\u00fbt<\/b><\/p>\n<p style=\"text-align: justify\">De plus, il est important de noter, que les pack sont surtout des offres pour tester et voir les b\u00e9n\u00e9fices que vous pouvez tirer d&rsquo;AdWords, il est tout \u00e0 fait possible par la suite d&rsquo;opter pour un site avec un nombre plus \u00e9lever de pages, ou vous pourriez lister tous les produits et\/ou prestations que vous proposez<\/p>\n<p style=\"text-align: justify\">Une fois le mois fini, nous prendrons rendez-vous et feront le point sur campagne AdWords avec vous, pour voir ce qu&rsquo;elle vous apporte et ce qu&rsquo;elle pourrait vous apporter \u00e0 long terme<\/p>\n","protected":false},"excerpt":{"rendered":"<p>Nos Tarifs Voici la liste de nos tarifs concernant les diverses prestations que nous proposons : Site responsif bas\u00e9 sous wordpress : De 1 \u00e0 3 pages : 500\u20ac De 4 \u00e0 6 pages : 800\u20ac De 6 \u00e0 10 pages : 1 000\u20ac Site e-commerce bas\u00e9 sur prestashop : A partir de 1 500\u20ac [&hellip;]<\/p>\n","protected":false},"author":1,"featured_media":0,"parent":0,"menu_order":0,"comment_status":"closed","ping_status":"closed","template":"","meta":[],"yoast_head":"<!-- This site is optimized with the Yoast SEO plugin v18.3 - https:\/\/yoast.com\/wordpress\/plugins\/seo\/ -->\n<title>Nos Tarifs - DSD Agency, L&#039;agence Web \u00e0 votre service<\/title>\n<meta name=\"description\" content=\"Bienvenue sur DSD Agency, l&#039;agence web \u00e0 votre service. Vous trouverez sur cette page la liste de nos prestations ainsi que leurs co\u00fbts. Devis grautit\" \/>\n<meta name=\"robots\" content=\"index, follow, max-snippet:-1, max-image-preview:large, max-video-preview:-1\" \/>\n<link rel=\"canonical\" href=\"https:\/\/dsdagency.fr\/site\/nos-tarifs\/\" \/>\n<meta property=\"og:locale\" content=\"fr_FR\" \/>\n<meta property=\"og:type\" content=\"article\" \/>\n<meta property=\"og:title\" content=\"Nos Tarifs - DSD Agency, L&#039;agence Web \u00e0 votre service\" \/>\n<meta property=\"og:description\" content=\"Bienvenue sur DSD Agency, l&#039;agence web \u00e0 votre service. Vous trouverez sur cette page la liste de nos prestations ainsi que leurs co\u00fbts. Devis grautit\" \/>\n<meta property=\"og:url\" content=\"https:\/\/dsdagency.fr\/site\/nos-tarifs\/\" \/>\n<meta property=\"og:site_name\" content=\"DSD Agency\" \/>\n<meta property=\"article:modified_time\" content=\"2016-09-14T17:26:50+00:00\" \/>\n<meta name=\"twitter:card\" content=\"summary\" \/>\n<meta name=\"twitter:label1\" content=\"Dur\u00e9e de lecture estim\u00e9e\" \/>\n\t<meta name=\"twitter:data1\" content=\"2 minutes\" \/>\n<script type=\"application\/ld+json\" class=\"yoast-schema-graph\">{\"@context\":\"https:\/\/schema.org\",\"@graph\":[{\"@type\":\"WebSite\",\"@id\":\"https:\/\/dsdagency.fr\/site\/#website\",\"url\":\"https:\/\/dsdagency.fr\/site\/\",\"name\":\"DSD Agency\",\"description\":\"Votre Agence Web et R\u00e9f\u00e9rencement\",\"potentialAction\":[{\"@type\":\"SearchAction\",\"target\":{\"@type\":\"EntryPoint\",\"urlTemplate\":\"https:\/\/dsdagency.fr\/site\/?s={search_term_string}\"},\"query-input\":\"required name=search_term_string\"}],\"inLanguage\":\"fr-FR\"},{\"@type\":\"WebPage\",\"@id\":\"https:\/\/dsdagency.fr\/site\/nos-tarifs\/#webpage\",\"url\":\"https:\/\/dsdagency.fr\/site\/nos-tarifs\/\",\"name\":\"Nos Tarifs - DSD Agency, L'agence Web \u00e0 votre service\",\"isPartOf\":{\"@id\":\"https:\/\/dsdagency.fr\/site\/#website\"},\"datePublished\":\"2016-02-13T21:44:47+00:00\",\"dateModified\":\"2016-09-14T17:26:50+00:00\",\"description\":\"Bienvenue sur DSD Agency, l'agence web \u00e0 votre service. Vous trouverez sur cette page la liste de nos prestations ainsi que leurs co\u00fbts. Devis grautit\",\"breadcrumb\":{\"@id\":\"https:\/\/dsdagency.fr\/site\/nos-tarifs\/#breadcrumb\"},\"inLanguage\":\"fr-FR\",\"potentialAction\":[{\"@type\":\"ReadAction\",\"target\":[\"https:\/\/dsdagency.fr\/site\/nos-tarifs\/\"]}]},{\"@type\":\"BreadcrumbList\",\"@id\":\"https:\/\/dsdagency.fr\/site\/nos-tarifs\/#breadcrumb\",\"itemListElement\":[{\"@type\":\"ListItem\",\"position\":1,\"name\":\"Accueil\",\"item\":\"https:\/\/dsdagency.fr\/site\/\"},{\"@type\":\"ListItem\",\"position\":2,\"name\":\"Nos tarifs\"}]}]}<\/script>\n<!-- \/ Yoast SEO plugin. -->","yoast_head_json":{"title":"Nos Tarifs - DSD Agency, L'agence Web \u00e0 votre service","description":"Bienvenue sur DSD Agency, l'agence web \u00e0 votre service. Vous trouverez sur cette page la liste de nos prestations ainsi que leurs co\u00fbts. Devis grautit","robots":{"index":"index","follow":"follow","max-snippet":"max-snippet:-1","max-image-preview":"max-image-preview:large","max-video-preview":"max-video-preview:-1"},"canonical":"https:\/\/dsdagency.fr\/site\/nos-tarifs\/","og_locale":"fr_FR","og_type":"article","og_title":"Nos Tarifs - DSD Agency, L'agence Web \u00e0 votre service","og_description":"Bienvenue sur DSD Agency, l'agence web \u00e0 votre service. Vous trouverez sur cette page la liste de nos prestations ainsi que leurs co\u00fbts. Devis grautit","og_url":"https:\/\/dsdagency.fr\/site\/nos-tarifs\/","og_site_name":"DSD Agency","article_modified_time":"2016-09-14T17:26:50+00:00","twitter_card":"summary","twitter_misc":{"Dur\u00e9e de lecture estim\u00e9e":"2 minutes"},"schema":{"@context":"https:\/\/schema.org","@graph":[{"@type":"WebSite","@id":"https:\/\/dsdagency.fr\/site\/#website","url":"https:\/\/dsdagency.fr\/site\/","name":"DSD Agency","description":"Votre Agence Web et R\u00e9f\u00e9rencement","potentialAction":[{"@type":"SearchAction","target":{"@type":"EntryPoint","urlTemplate":"https:\/\/dsdagency.fr\/site\/?s={search_term_string}"},"query-input":"required name=search_term_string"}],"inLanguage":"fr-FR"},{"@type":"WebPage","@id":"https:\/\/dsdagency.fr\/site\/nos-tarifs\/#webpage","url":"https:\/\/dsdagency.fr\/site\/nos-tarifs\/","name":"Nos Tarifs - DSD Agency, L'agence Web \u00e0 votre service","isPartOf":{"@id":"https:\/\/dsdagency.fr\/site\/#website"},"datePublished":"2016-02-13T21:44:47+00:00","dateModified":"2016-09-14T17:26:50+00:00","description":"Bienvenue sur DSD Agency, l'agence web \u00e0 votre service. Vous trouverez sur cette page la liste de nos prestations ainsi que leurs co\u00fbts. Devis grautit","breadcrumb":{"@id":"https:\/\/dsdagency.fr\/site\/nos-tarifs\/#breadcrumb"},"inLanguage":"fr-FR","potentialAction":[{"@type":"ReadAction","target":["https:\/\/dsdagency.fr\/site\/nos-tarifs\/"]}]},{"@type":"BreadcrumbList","@id":"https:\/\/dsdagency.fr\/site\/nos-tarifs\/#breadcrumb","itemListElement":[{"@type":"ListItem","position":1,"name":"Accueil","item":"https:\/\/dsdagency.fr\/site\/"},{"@type":"ListItem","position":2,"name":"Nos tarifs"}]}]}},"_links":{"self":[{"href":"https:\/\/dsdagency.fr\/site\/wp-json\/wp\/v2\/pages\/65"}],"collection":[{"href":"https:\/\/dsdagency.fr\/site\/wp-json\/wp\/v2\/pages"}],"about":[{"href":"https:\/\/dsdagency.fr\/site\/wp-json\/wp\/v2\/types\/page"}],"author":[{"embeddable":true,"href":"https:\/\/dsdagency.fr\/site\/wp-json\/wp\/v2\/users\/1"}],"replies":[{"embeddable":true,"href":"https:\/\/dsdagency.fr\/site\/wp-json\/wp\/v2\/comments?post=65"}],"version-history":[{"count":15,"href":"https:\/\/dsdagency.fr\/site\/wp-json\/wp\/v2\/pages\/65\/revisions"}],"predecessor-version":[{"id":142,"href":"https:\/\/dsdagency.fr\/site\/wp-json\/wp\/v2\/pages\/65\/revisions\/142"}],"wp:attachment":[{"href":"https:\/\/dsdagency.fr\/site\/wp-json\/wp\/v2\/media?parent=65"}],"curies":[{"name":"wp","href":"https:\/\/api.w.org\/{rel}","templated":true}]}}